1 - q. Calculate the greatest common factor of 30 and h.
10
Let w be ((-53556)/(-24) - -7) + (-6)/(-4). Calculate the greatest common factor of 140 and w.
140
Suppose -l + 2*l = -5. Let s = l - -18. Suppose -5616 = 38*x - 53*x - 39*x. What is the greatest common divisor of s and x?
13
Suppose b = -3*p + 29, 3*p + 5*b - 12 = 13. Let j be 8/(-20) + (-36)/10. Let t be (-4 + -2)/(j/p). What is the greatest common divisor of 5 and t?
5
Let h be (-2 + 3 - 2)*-5. Let i(w) = w**2 - 12*w + 13. Let k be i(10). Let l be (-3 - k) + 48 - (-1 - 2). Calculate the greatest common factor of l and h.
5
Let h(a) = -59*a - 5. Let p be h(-5). Suppose -z = 5*g - 54, 5*z + g + 41 - 191 = 0. Calculate the highest common factor of z and p.
29
Suppose 252 = -9*d + 2943. What is the greatest common divisor of d and 39?
13
Let p be ((-20)/30)/((-1)/(-21)). Let q = 18 + p. What is the highest common divisor of q and 4?
4
Suppose s + 3*s + 16 = 0. Let y be (-1)/s - 238/(-8). Suppose y = 2*v + v. Calculate the greatest common factor of v and 50.
10
Suppose -4428 = -889*j + 883*j. Calculate the highest common divisor of j and 328.
82
Let i = 23 + -23. Suppose 2*j - 3*j = -4*p - 7, i = -2*j - 4*p + 14. What is the highest common divisor of j and 35?
7
Let q = -32 - -40. Suppose 0 = w - q - 12. What is the greatest common divisor of w and 220?
20
Let w(n) = n**3 + 7*n**2 + 8*n + 7. Let l be w(-4). What is the highest common factor of 184 and l?
23
Let o = -285 - -313. Calculate the greatest common divisor of 112 and o.
28
Let u = -191 + 215. Let p(a) = 215*a + 1. Let s be p(1). What is the greatest common divisor of s and u?
24
Let m(o) = -3*o - 10. Let s(a) = 6*a + 21. Let z(c) = -7*m(c) - 4*s(c). Let n be z(-18). Calculate the greatest common factor of 10 and n.
10
Let l = 247 + 2075. What is the highest common factor of l and 86?
86
Let o be 25 + 0 + (0 - 2). Let t(j) = 44*j**2 - 2*j. Let y be t(-1). What is the greatest common factor of y and o?
23
Let h = -147 - -86. Let p = h - -63. Calculate the highest common factor of 2 and p.
2
Let b = -42 - -36. Let y be -3 + 56/(-4 - b). Calculate the greatest common factor of 100 and y.
25
Suppose -a - 2*a + 168 = 0. Let r be (-2)/(-8) - (-1274)/a. Calculate the greatest common factor of r and 253.
23
Let z be (5/(-2))/((-8)/(-16)). Let j(o) = -o**3 - 4*o**2 + 3*o - 7. Let h be j(z). What is the highest common factor of h and 21?
3
Suppose 0 = 3*n + n - 504. Calculate the greatest common factor of n and 36.
18
Suppose 0 = 2*q + v - 76, -q + 36 + 2 = v. Suppose -t - 95 = -6*t. Calculate the highest common divisor of t and q.
19
Suppose 18*m + 6852 = 26472. What is the greatest common factor of m and 20?
10
Let l be (4828/4)/((5 - -2)/7). What is the highest common factor of 71 and l?
71
Suppose -3*p - 2*v - 47 = 0, -2*p + 4 = -5*v + 29. Let c(m) = m**3 + 15*m**2 - 5*m + 1. Let x be c(p). What is the greatest common divisor of x and 19?
19
Let o(h) = 4*h**2 + 21*h + 6. Let p be o(-6). Calculate the highest common divisor of p and 300.
12
Let m be (-422)/3 + 4/6. Let y = 266 + m. Suppose 10*s + 128*s = 2898. Calculate the greatest common factor of y and s.
21
Let r = -185 + 19. Let y = r - -179. Let u = -21 + 34. What is the highest common factor of y and u?
13
Let o(r) = -r**2 - 19*r + 53. Let y be o(-14). Calculate the highest common factor of y and 3.
3
Let f(z) = -23*z - 27. Let r be f(-8). Let c = r - 91. What is the highest common factor of 6 and c?
6
Let s be (-2)/9 - (-1196)/36. Let y be (31 + 2)/(-2*1/(-2)). Calculate the greatest common divisor of s and y.
33
Let n = 1710 + -1642. Calculate the greatest common factor of n and 102.
34
Suppose -3*i = -0*i - t - 187, -t - 249 = -4*i. Calculate the highest common divisor of 2 and i.
2
Suppose -2*k + 0*a = 3*a - 809, 5*a + 2035 = 5*k. Suppose 3*o - k = -3*t - 94, 3*t = 0. What is the highest common divisor of o and 13?
13
Let r = 79 + -69. Let m(l) = l**2 - 2*l + 8. Let o be m(r). What is the highest common divisor of o and 66?
22
Suppose 6*k - 227 = 235. Suppose 3 + 0 = 3*z, 2*j = -5*z + k. What is the greatest common divisor of j and 252?
36
Suppose 50*o + 6*o - 168 = 0. Calculate the highest common divisor of o and 12.
3
Let j = -101 + 76. Let c be (136/5)/(((-15)/j)/3). Calculate the greatest common divisor of c and 34.
34
Let x be 3/4 - (-999)/12. Calculate the highest common divisor of x and 210.
42
Let d = -1 + 6. Suppose -52 = -9*n + d*n. Let w = 29 - n. Calculate the highest common divisor of 112 and w.
16
Let w be (3/6)/(-1)*-2. Let u be 6/(-27) - w/(18/(-328)). What is the highest common factor of 45 and u?
9
Suppose -2 + 18 = 4*h. Suppose x - 175 = -h*x. Let i be (-88)/(-14) + (-10)/x. Calculate the greatest common divisor of 30 and i.
6
Let w be (6 + -5)/(3/(-6) + 1). Suppose 2*f - j - 170 = 0, 6*f + w*j = 2*f + 332. Suppose -2*y = -0*y - 24. What is the highest common factor of f and y?
12
Let b(g) = 215*g - 11. Let s be b(1). Calculate the greatest common divisor of s and 72.
12
Let y(v) = 15*v - 116. Let g be y(18). What is the greatest common divisor of 112 and g?
14
Let d(c) = 4*c**2 - 2*c - 4. Suppose 0 = -4*a + a - 24. Let j be d(a). Let p be 2/(-4) + j/8. Calculate the highest common factor of 22 and p.
11
Let g(j) = 38*j - 304. Let q be g(9). What is the greatest common factor of q and 646?
38
Let k be (-6588)/427*(224/(-6))/4. Let m(v) = 11*v**2 + 1. Let d be m(-1). What is the greatest common divisor of k and d?
12
Let q = 123 + -71. Let u(g) = g**2 + 6*g + 12. Let m be u(-6). Let k(p) = 2*p - 11. Let s be k(m). What is the greatest common divisor of q and s?
13
Let x = -25 + 28. Let p be -2 - (x + (-24)/4). What is the greatest common factor of 1 and p?
1
Let c = 20 - 18. Suppose -2*i + 4*p + 196 = i, i - c*p - 62 = 0. Calculate the highest common factor of 8 and i.
8
Let a = -412 + 656. What is the highest common divisor of a and 8?
4
Suppose 3*i + 1164 = 15*i. Let h = i - 61. What is the greatest common factor of h and 4?
4
Let y(r) = 2*r + 10. Let t be (0/(-7))/((-3)/((-6)/2)). Let l be y(t). Calculate the greatest common divisor of l and 40.
10
Let l(d) = d**3 - 3*d - 7. Let n be l(-6). Let b be (n + 2 - 3)*-1. Let s be b/14 - (-6)/21. What is the highest common factor of s and 135?
15
Let s = -96 + 184. Suppose -4*g + 0*g = s. Let t = 49 + g. Calculate the greatest common factor of t and 18.
9
Suppose -3*x + 5419 - 1171 = 3*c, 4250 = 3*x + 4*c. What is the greatest common divisor of 14 and x?
14
Let x = 74 + -72. Let q be (4/12)/((-2)/(-30)). What is the highest common divisor of x and q?
1
Let t be (4/(-6))/(44/(-1122)). Let l(u) = 30*u - 1. Let h be l(4). What is the greatest common divisor of t and h?
17
Let k(q) be the third derivative of q**5/20 + 25*q**4/24 + q**3/6 + 5*q**2. Let y be k(-9). Let p = y + -5. What is the greatest common divisor of p and 14?
14
Suppose -4*y = y - 155. Suppose -2*l + 10 + y = 5*w, w = -l + 10. Let s be 36*((-35)/(-20) - 0). Calculate the greatest common divisor of w and s.
7
Let u = -27 - -52. What is the highest common factor of u and 5?
5
Let a be 4/(-10) + (-456)/(-40). Let m(g) = 8*g - 4. Let x = 15 - 9. Let q be m(x). What is the greatest common factor of q and a?
11
Let y(s) = -6*s**2 + 49*s - 5. Let c be y(6). Calculate the greatest common divisor of c and 73.
73
Suppose -3*z - 3*u = -u - 7, 12 = -3*u. Suppose -24 = -2*x - k - 1, -25 = -z*k. What is the greatest common divisor of x and 27?
9
Let s(q) = 18*q**2 - q - 1. Suppose 0*c + 1 = -5*j + 2*c, -3*c = -4*j + 2. Let n be s(j). Calculate the greatest common divisor of n and 72.
18
Suppose -3*i - 387 = 2*x, -2*x - x + 2*i = 548. Let b = x - -270. Calculate the greatest common divisor of b and 14.
14
Let i be (1/3)/(7/1029). Suppose 0 = 3*w + 2*a - 1176, -34*w + 5*a + 1960 = -29*w. Calculate the highest common divisor of i and w.
49
Suppose -5 = 5*d, -52 - 264 = -3*u + d. Let i(m) = 31*m - 1. Let w be i(2). Suppose -2 = -3*h + w. Calculate the highest common divisor of h and u.
21
Let i(d) = -d**3 - 5*d**2 + 16*d + 50. Let g be i(-8). Let n be 3/(-6)*2 - -2. Let h be 17 - (-1)/n - -1. Calculate the greatest common factor of g and h.
19
Let a(n) = 182*n - 334. Let j be a(2). Let u = 131 - -139. What is the greatest common divisor of u and j?
30
Let f be